13. Let f be c(-10). Suppose -o + 190 + 140 = g, 2*o - f*g - 670 = 0. Suppose -o = 27*b - 31*b. Is b a prime number?
True
Suppose -51*b - 223656 = -64*b + 1495555. Is b a prime number?
True
Let x = -110 - -127. Suppose -x*m + 16*m + 7529 = 0. Is m a composite number?
False
Let k(a) = a. Let o be k(2). Let z(g) = -g**2 + 2*g - 7. Let t be z(-7). Is (o - -125)/((-10)/t) prime?
False
Suppose 0 = 4*g - 3*a - 116990, -25*g + 3*a = -28*g + 87711. Is g prime?
True
Suppose 88430 = 19*b - 24*b + 1354605. Is b a prime number?
False
Suppose 2*s + 531 = 113. Let r = -88 - s. Suppose 1224 = 5*y - r. Is y a prime number?
True
Let b = 7653 + -3524. Suppose 2776 = 5*i - b. Is i a composite number?
False
Let a = 1087 - 711. Let d = a + -317. Is d composite?
False
Let z(d) be the third derivative of -d**5/30 - d**4/12 + 187*d**3/6 - d**2 - 198*d. Suppose 2*v + 3*v = 0. Is z(v) composite?
True
Let g(x) = -x**2 + 14*x - 18. Let l be g(12). Let v(m) = 8*m**2 - m + 25. Is v(l) prime?
True
Suppose 14 = 5*h - 41. Suppose -h*k - 19*k + 94290 = 0. Is k a prime number?
False
Let i be (-114)/(-14) - (-1)/(-7). Let d be 3*1*4/(-24)*i. Is 2/d + 4 + 3618/12 a composite number?
True
Suppose -11*a - 29*a + 6*a + 14372718 = 0. Is a a composite number?
True
Suppose 27792 = 2*z + 5*v, 20927 = 4*z + 5*v - 34647. Is z prime?
False
Suppose 0 = -12*p - 1364 - 16396. Let l be (p/(-25))/(2/35). Suppose 4*f = -0*f + l. Is f composite?
True
Suppose 340*o - 5144205 = 325*o. Is o a composite number?
True
Let x(i) = -4853*i + 1306. Is x(-81) composite?
True
Suppose 7*p + 38854 - 186919 = -8*p. Is p a composite number?
False
Let b(f) be the second derivative of 23*f**7/360 - f**6/720 + f**5/24 + f**4/3 + 33*f. Let z(v) be the third derivative of b(v). Is z(2) composite?
False
Let p(l) = 1245*l**3 - 14*l**2 - l - 13. Is p(5) composite?
True
Let g = -63107 - -111444. Is g a prime number?
True
Is (4507262/543)/((-2)/(-6)) composite?
True
Let l(q) = 21*q**2 + 7*q + 3. Let k be 8/(-4) - -1 - -6. Suppose 22 = -2*f - k*m + 2*m, 3*m = -f - 17. Is l(f) a prime number?
False
Suppose -y + 166240 = -o, 2*y - 6*o - 458323 + 125831 = 0. Is y a prime number?
True
Let n = 440262 + -137389. Is n composite?
False
Suppose b - 9 = 33. Suppose 3*g - b = r, 5*g - 3*r = 85 - 11. Is ((-185094)/(-24))/g + 1/(-4) composite?
False
Let a = 1969162 + -350775. Is a a composite number?
False
Suppose 4*f - 179993 = -5*i - 44189, 3*f - 54316 = -2*i. Let h = i + -7901. Is h a composite number?
True
Suppose -y - 2*y - 4 = -q, 4*q = -2*y + 58. Suppose -q*w = -9*w - 7172. Is w a composite number?
True
Is ((-36)/10)/(9/(-156090)) - -2 a prime number?
False
Let k(b) = -187*b + 48. Let y be k(-6). Suppose 2*m + h - 1186 = 0, -2*m + y = 2*h - 5*h. Is m composite?
True
Suppose 25*d = -39*d - 369729 + 1635457. Is d prime?
True
Let n be 11/(-2)*(-752)/1034. Suppose 2*m - 136954 + 14280 = n*s, 3*m = 4*s + 184019. Is m prime?
False
Let t(h) = h**3 + 21*h**2 + 164*h - 167. Is t(54) a prime number?
False
Suppose 5*m = -11*p + 12*p + 105441, -3*p = m - 21101. Is m composite?
False
Let v(u) = -9*u + 5 - 11*u + 21*u**3 + 6*u + 118*u**2 - 120*u**2. Is v(4) composite?
True
Suppose 27298011 - 96875596 = -385*m. Is m composite?
True
Is (-1208502)/4*((-96)/(-72) + -2) prime?
False
Let z(i) be the first derivative of i**2 - 30*i - 6. Let w be z(17). Suppose -282 = -2*u - w*k, k = -5*u + 4*k + 718. Is u a prime number?
False
Suppose 4*f + 482925 = -47*l + 52*l, 2*l - 5*f = 193187. Is l prime?
True
Let o(s) = 4*s**2 + 12*s**3 + 16*s**3 + 15*s**3 + 11 - 8*s - 37*s**3. Is o(6) prime?
False
Suppose 3*r - 8416 = 4*b, -3*r - 26*b + 22*b = -8384. Let d = -518 + 1999. Let q = r - d. Is q composite?
False
Let k = 238530 - 143783. Is k a composite number?
False
Suppose 13 - 46 = 11*s. Let v be (5292 + 6)*((-2)/s)/1. Suppose 1199 - v = -k. Is k composite?
False
Let q = 0 + 1. Let n(d) be the first derivative of 47*d**4/2 - d**3/3 + d - 480. Is n(q) composite?
True
Suppose 108 = 2*w - 5*w. Let s be w/(-5) + 1 - 41/205. Suppose -s*m = 23145 - 73105. Is m a composite number?
True
Suppose -63*j + 10*j + 5809849 = 920652. Is j a composite number?
True
Let z = -69 - -65. Is (0 + 1)*134*(-2)/z a prime number?
True
Suppose 19*k - 42 = 26*k. Let c(y) = 5*y**2 - 8*y - 52. Let b(i) = -i**2. Let v(s) = k*b(s) - c(s). Is v(-15) prime?
True
Let n = 111919 - 21126. Is n a prime number?
True
Suppose -43*y - 7568841 = -8963898 - 13303246. Is y prime?
True
Let u(s) = 6*s**2 - 9*s**2 - 5 + 41*s**2 + 5*s. Let z be 4 + (3 - 4) + -7. Is u(z) a prime number?
False
Let n = 5 + 1. Suppose 4*v - n = -5*h + 2, 0 = -3*h + v - 2. Suppose h = -4*d - d + 7325. Is d prime?
False
Let w(l) be the first derivative of 13*l**2 - 55*l + 103. Is w(18) composite?
True
Suppose 4*t - 56019 - 353573 = -h, -4*h - 102381 = -t. Is t a composite number?
False
Let w(h) = 56*h**3 + 13*h**2 - 41*h + 477. Is w(20) prime?
True
Suppose -126*a - 273435 + 274133 = -610276. Is a a composite number?
True
Let t = -140 - -281. Suppose 5*n = 5*k - 10, 5*k - n - 2*n = 4. Is (-4)/(12/t)*k a composite number?
False
Suppose -4*d + 249672 = 81*b - 83*b, -d + 62419 = -b. Is d a prime number?
True
Let j(n) = 11549*n**2 + 18*n - 18. Is j(1) composite?
False
Let c = 204526 - 52365. Is c a prime number?
False
Suppose 1003688 = 69*l - 5314895 - 2807426. Is l a composite number?
True
Let p be (-468)/182*(-5894)/3. Suppose 5*a - 11*a + p = 0. Is a composite?
True
Suppose 4*y + 554977 = a, 3*a - 191184 - 1473798 = -5*y. Is a prime?
False
Let j(q) = -3737*q**3 - 20*q**2 - 166*q. Is j(-5) a prime number?
False
Let t be (-22)/(-99) - 20120/(-18). Is (t - -1) + -19 + 23 prime?
True
Suppose 2*x = 4*x - 5*j - 24, 2*x - 3*j - 16 = 0. Suppose -x*u + 3*u = -4*y + 25786, 0 = 2*u + 4. Suppose 0 = -6*z + y + 831. Is z a prime number?
True
Let d(z) = 446*z**2 - 4*z - 8. Let j be d(-6). Suppose -11*a = j - 55551. Is a a prime number?
False
Let i = 275981 - 84022. Is i prime?
False
Suppose -2*r + 0*r = 1524. Let o = -687 - -731. Is o/33*r/(-4) a prime number?
False
Is (10 - 42/6)*(82516/6 - -3) prime?
False
Let u(h) = 4*h**3 - 6*h**2 + 4*h - 7. Let w(d) = 4*d**2 - 2*d - 3. Let m be w(-1). Is u(m) a prime number?
True
Is (4 + (-2220428)/6)*75/(-50) composite?
True
Suppose -4*v = -10*v + 342. Let i = 57 - v. Suppose -4*z + i*z = -34820. Is z prime?
False
Suppose 15*c - 13*c + 4 = 0. Let i(l) = 11288*l - 4. Let q be i(c). Is 2/(-8) - q/16 a composite number?
True
Suppose x + x = -6*x. Suppose x = 25*k - 109536 - 433039. Is k composite?
True
Suppose 19*x - 26*x = -35. Suppose v + 4*d - 3*d = 848, x*d + 3419 = 4*v. Is v a composite number?
True
Suppose 181*j - 5974890 = 14684631. Is j a prime number?
False
Let d = -16189 - -28832. Is d prime?
False
Let g = 42 - 38. Suppose -g*n = -5*t - 6, 3*n + t = 6*t + 7. Let o(a) = 295*a**2 - a - 1. Is o(n) a composite number?
True
Suppose x = 4*b - 21456, 2*x = -2*x - 2*b - 85842. Let o = x - -34517. Is o a prime number?
False
Suppose 3*j = -2*p + 16, -j = -14*p + 13*p + 3. Suppose 4*c - 3*d - 150499 = 0, c - p*c + 5*d + 150493 = 0. Is c a prime number?
False
Let m(q) = 3 + 5 - 2106*q**3 - 5 + 2*q - 2. Let z be m(-1). Let t = z + -1318. Is t a prime number?
True
Let d(l) be the third derivative of l**5/20 + 5*l**4/24 + 8*l**3/3 - 24*l**2. Is d(-18) a prime number?
False
Is ((-504)/279)/(-28) - 106848684/(-124) a composite number?
True
Let k = 461085 + -212008. Is k prime?
False
Suppose -5*y = 2*u - 19, 0 = 4*y - 5*u + u - 4. Suppose -8*b - j + 55416 = -y*b, -5*b = 3*j - 55418. Is b a composite number?
False
Suppose 5*p = t - 1 - 7, -4*t - 3*p + 55 = 0. Suppose 5*n - 17012 = t*h - 15*h, -2*n = -2*h + 16998. Is h composite?
False
Let b(z) = -17147*z + 1383. Is b(-8) a composite number?
False
Is 131000 + 0 + -6 + 15 prime?
True
Let j(q) = q**3 - 11*q**2 - 2*q - 162. Let f be j(12). Is 5443 - 168/294*f/(-4) prime?
True
Let l(g) = -1598*g**3 - 14*g**2 - 37*g - 217. Is l(-6) prime?
False
Let c(q) = 57*q**2 - 8*q - 28. Let v be c(-3). Let m = v - -696. Is m a composite number?
True
Suppose 3*i = 6*i - 21. Suppose i*p + 50 = 12*p. Suppose -8*d + p*d - 762 = 0. Is d a prime number?
False
Suppose 2*k - 5*l + 18 = 0, 4*k + 5*l + 4 = -2. Let r = k - -7. Suppose -r*g - 288 = -1281. Is g a prime number?
True
Is (-176)/39